s the tens digit of 1191159?
5
What is the hundred thousands digit of 1720844?
7
What is the tens digit of 2367073?
7
What is the units digit of 9065793?
3
What is the hundreds digit of 10612?
6
What is the tens digit of 536718?
1
What is the tens digit of 4823843?
4
What is the millions digit of 3658183?
3
What is the ten millions digit of 12390739?
1
What is the ten thousands digit of 101176?
0
What is the tens digit of 10036498?
9
What is the units digit of 476473?
3
What is the hundreds digit of 2631018?
0
What is the hundred thousands digit of 3296392?
2
What is the ten thousands digit of 5525277?
2
What is the millions digit of 1324466?
1
What is the hundreds digit of 18946436?
4
What is the thousands digit of 240444?
0
What is the hundred thousands digit of 8905263?
9
What is the ten thousands digit of 6198526?
9
What is the hundreds digit of 1115618?
6
What is the hundreds digit of 129873?
8
What is the thousands digit of 2407197?
7
What is the hundreds digit of 83966?
9
What is the units digit of 190069?
9
What is the millions digit of 35698681?
5
What is the units digit of 8063990?
0
What is the millions digit of 6939186?
6
What is the millions digit of 12904549?
2
What is the millions digit of 6350251?
6
What is the thousands digit of 409417?
9
What is the hundreds digit of 2004782?
7
What is the units digit of 12089626?
6
What is the ten thousands digit of 8441712?
4
What is the millions digit of 5159221?
5
What is the ten thousands digit of 9493943?
9
What is the hundred thousands digit of 492198?
4
What is the tens digit of 3519545?
4
What is the millions digit of 13538412?
3
What is the thousands digit of 115375?
5
What is the millions digit of 1250303?
1
What is the hundreds digit of 6744154?
1
What is the millions digit of 2185559?
2
What is the tens digit of 21008524?
2
What is the hundred thousands digit of 230389?
2
What is the tens digit of 305759?
5
What is the ten thousands digit of 1679143?
7
What is the hundred thousands digit of 1215745?
2
What is the units digit of 761519?
9
What is the tens digit of 19048134?
3
What is the millions digit of 6167579?
6
What is the ten thousands digit of 4108180?
0
What is the hundred thousands digit of 4793193?
7
What is the hundred thousands digit of 1787070?
7
What is the units digit of 6765346?
6
What is the thousands digit of 2607857?
7
What is the hundred thousands digit of 145937?
1
What is the tens digit of 391632?
3
What is the millions digit of 16443322?
6
What is the hundreds digit of 1657657?
6
What is the hundred thousands digit of 5728855?
7
What is the ten thousands digit of 385807?
8
What is the thousands digit of 304845?
4
What is the millions digit of 1231397?
1
What is the hundreds digit of 23265311?
3
What is the ten thousands digit of 299894?
9
What is the thousands digit of 9312891?
2
What is the units digit of 525767?
7
What is the tens digit of 451964?
6
What is the millions digit of 11881984?
1
What is the ten thousands digit of 5159620?
5
What is the units digit of 34877?
7
What is the tens digit of 2643900?
0
What is the tens digit of 2037886?
8
What is the units digit of 2201060?
0
What is the ten thousands digit of 21345?
2
What is the millions digit of 42894795?
2
What is the hundred thousands digit of 4010570?
0
What is the hundreds digit of 560690?
6
What is the hundred thousands digit of 5394492?
3
What is the thousands digit of 3205837?
5
What is the thousands digit of 534736?
4
What is the units digit of 1249687?
7
What is the hundreds digit of 9580874?
8
What is the hundred thousands digit of 419259?
4
What is the hundreds digit of 6893751?
7
What is the hundred thousands digit of 257841?
2
What is the thousands digit of 911336?
1
What is the ten thousands digit of 10285237?
8
What is the units digit of 361552?
2
What is the hundred thousands digit of 261805?
2
What is the hundreds digit of 4554594?
5
What is the ten millions digit of 10581477?
1
What is the hundreds digit of 840196?
1
What is the tens digit of 84569?
6
What is the thousands digit of 45544?
5
What is the units digit of 175738?
8
What is the hundreds digit of 87200?
2
What is the thousands digit of 340392?
0
What is the hundreds digit of 19950283?
2
What is the ten thousands digit of 1646196?
4
What is the millions digit of 3490898?
3
What is the tens digit of 63693?
9
What is the hundreds digit of 43691?
6
What is the ten thousands digit of 36799690?
9
What is the hundreds digit of 189771?
7
What is the tens digit of 568420?
2
What is the units digit of 17263801?
1
What is the units digit of 655680?
0
What is the millions digit of 31236977?
1
What is the hundred thousands digit of 181271?
1
What is the hundred thousands digit of 640681?
6
What is the hundreds digit of 2257325?
3
What is the hundred thousands digit of 135402?
1
What is the units digit of 341159?
9
What is the units digit of 1701050?
0
What is the hundred thousands digit of 6840014?
8
What is the units digit of 93270?
0
What is the hundreds digit of 234140?
1
What is the hundred thousands digit of 1488599?
4
What is the tens digit of 1982452?
5
What is the thousands digit of 1544989?
4
What is the tens digit of 12082590?
9
What is the tens digit of 5880070?
7
What is the units digit of 2373539?
9
What is the millions digit of 6643949?
6
What is the hundred thousands digit of 6723569?
7
What is the units digit of 3040019?
9
What is the units digit of 689088?
8
What is the tens digit of 999499?
9
What is the hundreds digit of 68896?
8
What is the hundreds digit of 164551?
5
What is the hundred thousands digit of 149623?
1
What is the tens digit of 921439?
3
What is the millions digit of 12519442?
2
What is the ten thousands digit of 1241387?
4
What is the ten thousands digit of 9758097?
5
What is the units digit of 192847?
7
What is the ten thousands digit of 3716409?
1
What is the units digit of 1176114?
4
What is the thousands digit of 209516?
9
What is the hundreds digit of 1145564?
5
What is the thousands digit of 40212?
0
What is the units digit of 47428?
8
What is the units digit of 975369?
9
What is the units digit of 20959?
9
What is the ten thousands digit of 148785?
4
What is the units digit of 168753?
3
What is the hundreds digit of 136368?
3
What is the tens digit of 6680560?
6
What is the thousands digit of 304140?
4
What is the thousands digit of 13862872?
2
What is the ten thousands digit of 415139?
1
What is the hundreds digit of 15502164?
1
What is the hundred thousands digit of 14723593?
7
What is the thousands digit of 1072483?
2
What is the tens digit of 343870?
7
What is the ten thousands digit of 18084478?
8
What is the units digit of 51519?
9
What is the tens digit of 471711?
1
What is the hundreds digit of 167578?
5
What is the hundreds digit of 882580?
5
What is the hundreds digit of 123932?
9
What is the units digit of 10580360?
0
What is the thousands digit of 32011830?
1
What is the hundreds digit of 181368?
3
What is the thousands digit of 450152?
0
What is the ten thousands digit of 121930?
2
What is the thousands digit of 29286?
9
What is the hundreds digit of 9612?
6
What is the units digit of 500247?
7
What is the ten thousands digit of 570434?
7
What is the units digit of 572693?
3
What is the units digit of 698829?
9
What is the units digit of 1196270?
0
What is the units digit of 104041?
1
What is the hundreds digit of 923877?
8
What is the thousands digit of 27174725?
4
What is the hundreds digit of 35461123?
1
What is the thousands digit of 100380?
0
What is the millions digit of 1165786?
1
What is the tens digit of 13048773?
7
What is the ten thousands digit of 30172?
3
What is the units digit of 202490?
0
What is the tens digit of 685880?
8
What is the ten thousands digit of 240746?
4
What is the hundred thousands digit of 309387?
3
What is the thousands digit of 12655413?
5
What is the ten thousands digit of 5736971?
3
What is the ten thousands digit of 35608?
3
What is the hundred thousands digit of 2341042?
3
What is the thousands digit of 1163156?
3
What is the ten thousands digit of 206074?
0
What is the hundred thousands digit of 3669751?
6
What is the tens digit of 174452?
5
What is the ten thousands digit of 5348728?
4
What is the hundred thousands digit of 1064872?
0